
0
Let r = 31904 - 18494. What is the units digit of r?
0
Suppose -2528*f = -2522*f - 3390. What is the hundreds digit of f?
5
Suppose -6 + 36 = -5*y, -3*p + 104007 = 6*y. What is the hundreds digit of p?
6
Suppose -3*j = 5*d + 588 - 169, 5*d - 765 = 5*j. What is the units digit of -20 + 19 + (6 - 0) - j?
3
What is the thousands digit of 8/52 + 2408994/234?
0
Let b(p) = -65*p + 72 - 268 - 38*p. What is the hundreds digit of b(-8)?
6
Suppose -x + 1 + 1 = 0. Let i be 4/8*(x - 0). Suppose 0 = 3*r - i - 17. What is the units digit of r?
6
Suppose -4*b + 2*i + 57 = -b, -18 = -b + i. Let g = 8 + b. Suppose 2*r - g - 13 = 0. What is the units digit of r?
1
Let h be ((-18)/(-3))/(-14 + 13). What is the hundreds digit of h/(-7)*295148/249?
0
Let d = 69 - 67. Suppose -7*m + 2*m - 3 = -d*a, -2*m - 10 = -3*a. Suppose 0 = 5*f - 10, a*y - 10*f - 1162 = -5*f. What is the hundreds digit of y?
2
Let v(x) = x**2 + 3*x - 24. Let s be v(-7). Suppose 8 = 4*o - s. Suppose -o*h - h = -2*c + 422, 2*h = 5*c - 1095. What is the tens digit of c?
2
Suppose -2*w - 15 = -7*w, 4*z + 4*w = 3420. Let c = z + -570. What is the tens digit of c?
8
Let x = 451 - 441. Suppose -x*a + 4287 = -2393. What is the units digit of a?
8
Suppose -9*i + 14439 = -28898 - 78694. What is the thousands digit of i?
3
Let w = 19 + 8. Suppose -67*q - 26 + 160 = 0. Suppose q*n - 83 = w. What is the tens digit of n?
5
Let j = -53641 + 36073. What is the tens digit of 2/10 + j/(-60)?
9
Suppose -z + 15*i = 13*i - 598, -4*z + 2436 = 3*i. What is the tens digit of z?
0
Let n = -18 - -83. Let t = n + -5. Let y = t + -30. What is the tens digit of y?
3
Let n be 48480/(-76) + ((-14)/(-19))/(-7). Let y = -521 - n. What is the tens digit of y?
1
Let o be 4/(-10) + 16/40. Suppose o*z + 4*z + z = 0. Suppose 0*w + 55 = 3*w - 4*g, -w - 3*g + 27 = z. What is the tens digit of w?
2
Suppose 3*r + 2*m - 55 = 4, -5*r + 4*m + 113 = 0. Let z = r + -11. What is the tens digit of (1 + 244/z)/((-6)/(-30))?
2
Suppose -124147 + 16403 = -4*n. What is the ten thousands digit of n?
2
Suppose 9*h - 1740 = 3*h. Let n = h - 196. What is the units digit of n?
4
Let g = 13692 - 6435. What is the hundreds digit of g?
2
Let o(f) = -f**3 - 198*f**2 - 324*f - 733. What is the units digit of o(-198)?
9
Let n(b) = b + 56. Let x be n(10). Suppose u = -3*v + x + 1047, u - 743 = -2*v. What is the tens digit of v?
7
Let h = -11704 + 24993. What is the units digit of h?
9
Let f(p) = p**2 - 3*p + 19. Let x be f(-8). Let c = x - -333. What is the hundreds digit of c?
4
Let i be (-110)/(-15) + -8 + (-12518)/(-3). What is the units digit of 308/693 - i/(-9)?
4
Let g(d) = -55*d**3 + 5*d**2 + 62. What is the units digit of g(-6)?
2
Let g = 21135 + -6315. Suppose -681*r + g = -669*r. What is the units digit of r?
5
Suppose -4*r - r + 2*g = 0, 4*r - 3*g = -7. Suppose 2*s - 181 = -r*v + 327, -s = 5*v - 238. Let x = s - 81. What is the hundreds digit of x?
1
Let n = -79 + 89. Let g be (-2*2/(-10))/((-2)/(-70)). Suppose 0 = -n*j + g*j - 856. What is the tens digit of j?
1
Let p(k) be the third derivative of 7*k**5/60 + k**4/8 - 8*k**3 + 15*k**2. Let x(n) be the first derivative of p(n). What is the units digit of x(20)?
3
Let a(h) = 640*h**2 + 262*h + 1610. What is the thousands digit of a(-6)?
3
Let a(b) = 26*b**2 + 32*b + 385. What is the thousands digit of a(-44)?
9
Suppose -3*v = -11*v. Suppose 4*i + r = 6308, 4*r - 6320 = -4*i - v*i. What is the hundreds digit of i?
5
Let d(b) = -917*b - 333. Let n be d(-6). Suppose -594*x = -591*x - n. What is the tens digit of x?
2
Suppose -4*q - s = 2*s - 7849, -3*q + 5883 = 3*s. Suppose q = 12*v - 4214. What is the hundreds digit of v?
5
Let k(o) = -2069*o + 470. What is the thousands digit of k(-4)?
8
Suppose 0 = -340*c + 325*c + 48120. What is the thousands digit of c?
3
Let s(w) = 5*w**2 + 41*w + 12. Let k be s(22). Suppose -12*a = -k - 14. What is the hundreds digit of a?
2
Let k be 2880/27*4/(48/27). Let y = k - 95. What is the tens digit of y?
4
Let h(y) = y**2 - 22*y - 50. Let b be h(24). What is the tens digit of (-268940)/(-252) + 3/27*b?
6
Suppose 3*v + 309767 = -19*s + 24*s, -7*v = s - 61961. What is the thousands digit of s?
1
Let q(a) = 45*a**2 + 25*a - 26. Let n be q(3). Let b = -32 + n. What is the hundreds digit of b?
4
Suppose u + 4 = 0, -49*u = 3*o - 52*u - 8883. What is the units digit of o?
7
Suppose -24*g = -32*g + 48. Suppose -3*b + 3294 = g*b. What is the units digit of b?
6
Let n(z) = 156*z**2 + 279*z + 30. What is the ten thousands digit of n(-16)?
3
Let i be (-12 - -16)/((-2)/4). Let o(r) = -r**2 - 9*r - 5. Let d be o(i). Suppose 4*j + x - 200 = 0, d*j + 15 = -2*x + 170. What is the tens digit of j?
4
Suppose -a + i + 1655 = 0, -3*a + 4*i + 4941 = 7*i. Suppose 5*j = -15, 0*p = -4*p + j + a. What is the hundreds digit of p?
4
Suppose -3*o = o + 440. Let m = -104 - o. Suppose -5*f + m*f = -2*w + 287, 2 = 2*f. What is the tens digit of w?
4
Let y be (-1 - (5 + -9)) + 24/8. Suppose c - 141 = 2*m, -c = m - y*m - 150. What is the tens digit of c?
3
Let u be (93/3)/((-7)/(28/(-2))). Let z(h) = -h**2 - 9*h. Let l be z(-5). Let q = u + l. What is the tens digit of q?
8
Let t(v) = -1159*v + 6363. What is the units digit of t(-10)?
3
Suppose 30 = 4*o - 5*l, l = 4*o - 9 - 13. Suppose -o*j + 1567 = 3*z, 0*z - 4*z - 5*j + 2091 = 0. What is the tens digit of z?
2
What is the hundreds digit of ((-8)/60 - 174/45) + 9739?
7
Suppose 6 - 9 = -3*x. Let d be (22/66)/(x/(-45)). What is the hundreds digit of (-2)/(-3) + (2 - 1490/d)?
1
Let p = 1669 + -439. Let o = p - 586. What is the tens digit of o?
4
Let v(a) = -7*a**3 - 18*a**2 + 40*a - 21. Let u(j) = -9*j**3 - 16*j**2 + 39*j - 20. Let g(d) = 4*u(d) - 5*v(d). What is the units digit of g(11)?
6
Suppose -5*f = -3*j + 13207, -4*j + 13187 = -j + 5*f. What is the units digit of j?
9
Let c(q) = -2*q + 1. Let p be c(-1). Suppose 0 = p*v - 10*v + 812. What is the units digit of v?
6
Let f(h) = -27 - 24 - h + 57. Let u be f(1). Suppose 3*t = 3, 295 = -g + 5*g - u*t. What is the tens digit of g?
7
Let j be 2 - (-1 - -2)*2. Suppose -7*a + 2*a = j. Suppose -26*k + 27*k - 93 = a. What is the tens digit of k?
9
Let n(y) = 1481*y**2 + 75*y - 252. What is the hundreds digit of n(3)?
3
Let d = -543 - 441. Let v = -1 + 0. What is the tens digit of (v/3)/(4/d)?
8
Suppose -d - 3*b + 5983 = -2463, 4*b = -8. What is the thousands digit of d?
8
Let m be 2 - -1 - (-560)/2. Let t = 567 - m. What is the hundreds digit of t?
2
Let x(b) = -3*b**3 - 10*b**2 + 12*b + 225. What is the ten thousands digit of x(-24)?
3
Let b be 0 + (8/6)/((-12)/486). Let p = -52 - b. Suppose m - 36 - 107 = -p*l, 0 = 2*l - 5*m - 161. What is the tens digit of l?
7
Let w = -114 + 66. Let y = w - 237. Let v = y + 412. What is the units digit of v?
7
Suppose -57*k + 58*k - 11930 = 5*s, 0 = 3*k + 4*s - 35847. What is the hundreds digit of k?
9
Suppose -35 = 31*o - 38*o. Suppose 263 = 4*v - o*q - 3402, 3*v = 4*q + 2748. What is the hundreds digit of v?
9
Suppose -5*i - 3*f = -168, -5*i + 0*f = -4*f - 161. Let y = -26 + i. Suppose 457 = y*g - 516. What is the units digit of g?
9
Suppose -8*m + 0*m + 3624 = 0. Let s = -2100 + m. What is the tens digit of (-1)/(-4)*2 - s/18?
9
Suppose -11*i - 226251 = -171*g + 166*g, -5*g + 4*i = -226209. What is the hundreds digit of g?
2
Let a = -5751 - -16327. What is the tens digit of a?
7
What is the thousands digit of (-1 - -5) + -3 + (10232 - 3) + 1?
0
Let h = 4887 + 4702. What is the tens digit of h?
8
Suppose -a = 1537 + 25. Let h be ((-9)/(-27))/(a/1563 - -1). Suppose -3*d - h = -4*p, 3*d + 90 - 641 = -4*p. What is the tens digit of p?
3
Let a = 14 - -5. Suppose 0*u = 5*v + 2*u - a, 2*u + 11 = 5*v. Suppose -390 = -3*p - v*p. What is the units digit of p?
5
Let x be 8234/22*2 + 6/(-11). What is the units digit of 37 - 37 - x/(-2)?
4
Let r = 79 + -75. Suppose -3*u = r*s - 9, 2*s = 4*s + 4*u - 12. Suppose -2*z + 173 = -5*j, 2*z + j + 116 - 307 = s. What is the tens digit of z?
9
Let k be ((-2 - -4) + 0)/(106/15529). Let o be 11/3 - 2/(-6). Suppose -o*q = -383 - k. What is the hundreds digit of q?
1
Suppose 6*u - 19*u + 110592 = 19*u. What is the units digit of u?
6
Let a(i) = 9*i - 139. Let t be a(16). Suppose 0 = 6*c - 4*c - t*x - 317, -x = 3. What is the units digit